en 34799 is divided by 725.
724
Calculate the remainder when 16043 is divided by 730.
713
What is the remainder when 4331 is divided by 1393?
152
What is the remainder when 4974 is divided by 166?
160
Calculate the remainder when 162106 is divided by 290.
286
What is the remainder when 3185 is divided by 794?
9
Calculate the remainder when 2505 is divided by 105.
90
Calculate the remainder when 9717 is divided by 5.
2
Calculate the remainder when 9709 is divided by 423.
403
What is the remainder when 2501 is divided by 361?
335
What is the remainder when 7919 is divided by 3694?
531
What is the remainder when 8667 is divided by 35?
22
What is the remainder when 4860 is divided by 82?
22
Calculate the remainder when 30700 is divided by 458.
14
What is the remainder when 101090 is divided by 2021?
40
Calculate the remainder when 17008 is divided by 710.
678
Calculate the remainder when 3677822 is divided by 36.
26
Calculate the remainder when 4553 is divided by 2207.
139
Calculate the remainder when 68634 is divided by 3810.
54
What is the remainder when 1287 is divided by 97?
26
What is the remainder when 17454 is divided by 1586?
8
What is the remainder when 247025 is divided by 1544?
1529
Calculate the remainder when 5422 is divided by 492.
10
Calculate the remainder when 688715 is divided by 229569.
8
Calculate the remainder when 2003 is divided by 329.
29
Calculate the remainder when 12012 is divided by 27.
24
Calculate the remainder when 357985 is divided by 190.
25
Calculate the remainder when 7395543 is divided by 611.
610
What is the remainder when 2981877 is divided by 60?
57
What is the remainder when 6366 is divided by 63?
3
What is the remainder when 4040756 is divided by 93?
92
What is the remainder when 20020 is divided by 289?
79
Calculate the remainder when 42219 is divided by 5274.
27
What is the remainder when 70035 is divided by 176?
163
What is the remainder when 76887 is divided by 165?
162
What is the remainder when 2680 is divided by 86?
14
What is the remainder when 3253 is divided by 16?
5
What is the remainder when 699286 is divided by 488?
470
Calculate the remainder when 578511 is divided by 1384.
1383
Calculate the remainder when 66029 is divided by 9422.
75
Calculate the remainder when 8716 is divided by 396.
4
What is the remainder when 24733 is divided by 299?
215
Calculate the remainder when 1331354 is divided by 67.
64
What is the remainder when 31309 is divided by 6247?
74
What is the remainder when 5341 is divided by 167?
164
What is the remainder when 12341 is divided by 475?
466
What is the remainder when 273752 is divided by 165?
17
Calculate the remainder when 764841 is divided by 22.
11
Calculate the remainder when 8045 is divided by 803.
15
What is the remainder when 501674 is divided by 846?
842
What is the remainder when 465767 is divided by 116440?
7
What is the remainder when 27564 is divided by 29?
14
What is the remainder when 31661 is divided by 121?
80
Calculate the remainder when 25573 is divided by 16.
5
What is the remainder when 623219 is divided by 564?
563
Calculate the remainder when 3433 is divided by 1703.
27
Calculate the remainder when 6618 is divided by 414.
408
What is the remainder when 234654 is divided by 18050?
4
What is the remainder when 6691 is divided by 97?
95
What is the remainder when 4680 is divided by 29?
11
Calculate the remainder when 44352 is divided by 31.
22
What is the remainder when 592734 is divided by 1110?
1104
What is the remainder when 357 is divided by 24?
21
Calculate the remainder when 51134 is divided by 136.
134
Calculate the remainder when 70445 is divided by 5868.
29
Calculate the remainder when 377428 is divided by 2.
0
Calculate the remainder when 33370 is divided by 11.
7
Calculate the remainder when 158250 is divided by 665.
645
What is the remainder when 181713 is divided by 13?
12
Calculate the remainder when 288 is divided by 139.
10
What is the remainder when 31773 is divided by 51?
0
What is the remainder when 608670 is divided by 152166?
6
Calculate the remainder when 820819 is divided by 11.
10
Calculate the remainder when 12554 is divided by 728.
178
Calculate the remainder when 49893 is divided by 44.
41
What is the remainder when 265 is divided by 24?
1
Calculate the remainder when 1037 is divided by 998.
39
What is the remainder when 8747 is divided by 84?
11
Calculate the remainder when 14955 is divided by 277.
274
Calculate the remainder when 315012 is divided by 26251.
0
Calculate the remainder when 8283 is divided by 270.
183
Calculate the remainder when 38162 is divided by 1083.
257
What is the remainder when 196425 is divided by 7857?
0
What is the remainder when 80709 is divided by 521?
475
Calculate the remainder when 114070 is divided by 671.
0
What is the remainder when 2132 is divided by 66?
20
What is the remainder when 4001 is divided by 170?
91
What is the remainder when 3706 is divided by 1181?
163
What is the remainder when 111557 is divided by 40?
37
What is the remainder when 2009 is divided by 156?
137
Calculate the remainder when 31398 is divided by 1364.
26
Calculate the remainder when 850916 is divided by 337.
328
Calculate the remainder when 30413 is divided by 141.
98
What is the remainder when 1070 is divided by 718?
352
Calculate the remainder when 4512 is divided by 1018.
440
What is the remainder when 1033007 is divided by 110?
107
What is the remainder when 14140 is divided by 7050?
40
What is the remainder when 8762 is divided by 4377?
8
Calculate the remainder when 14605 is divided by 708.
445
What is the remainder when 3419 is divided by 161?
38
What is the remainder when 8989 is divided by 641?
15
What is the remainder when 187065 is divided by 21?
18
What is the remainder when 124326 is divided by 193?
34
What is the remainder when 30087 is divided by 149?
138
What is the remainder when 231408 is divided by 1394?
4
What is the remainder when 2783 is divided by 279?
272
Calculate the remainder when 665 is divided by 320.
25
Calculate the remainder when 12053 is divided by 1031.
712
What is the remainder when 1192 is divided by 588?
16
What is the remainder when 27600 is divided by 3?
0
What is the remainder when 964 is divided by 284?
112
What is the remainder when 20331 is divided by 91?
38
What is the remainder when 109717 is divided by 77?
69
Calculate the remainder when 328739 is divided by 36.
23
What is the remainder when 261 is divided by 153?
108
Calculate the remainder when 34405 is divided by 119.
14
Calculate the remainder when 6578 is divided by 216.
98
Calculate the remainder when 16955 is divided by 139.
136
What is the remainder when 4758 is divided by 4260?
498
Calculate the remainder when 81350 is divided by 40642.
66
Calculate the remainder when 773 is divided by 551.
222
Calculate the remainder when 753 is divided by 80.
33
What is the remainder when 4461 is divided by 309?
135
What is the remainder when 2881 is divided by 2738?
143
Calculate the remainder when 1840 is divided by 312.
280
What is the remainder when 856 is divided by 419?
18
What is the remainder when 353 is divided by 92?
77
What is the remainder when 29194 is divided by 114?
10
What is the remainder when 53444 is divided by 283?
240
What is the remainder when 2908 is divided by 589?
552
Calculate the remainder when 16609 is divided by 3321.
4
What is the remainder when 5965 is divided by 2864?
237
Calculate the remainder when 1050496 is divided by 193.
190
What is the remainder when 545 is divided by 63?
41
What is the remainder when 24388 is divided by 1219?
8
Calculate the remainder when 7584 is divided by 762.
726
What is the remainder when 951 is divided by 568?
383
What is the remainder when 141393 is divided by 92?
81
Calculate the remainder when 10887 is divided by 68.
7
What is the remainder when 5941 is divided by 1975?
16
Calculate the remainder when 2425 is divided by 346.
3
Calculate the remainder when 6265579 is divided by 829.
826
Calculate the remainder when 288804 is divided by 6563.
32
What is the remainder when 7299 is divided by 159?
144
Calculate the remainder when 68219 is divided by 11355.
89
What is the remainder when 145332 is divided by 13?
5
Calculate the remainder when 6415 is divided b